git of s(m)?
8
Let y(s) = 7*s**3 - 15*s**2 - s - 3. Let v(q) = -3*q**3 + 7*q**2 + 1. Suppose 2*i + 0*i - 4 = 0. Let g(a) = i*y(a) + 5*v(a). What is the units digit of g(2)?
7
Suppose 5*d + 4*s = -0*s + 11, -2*d = -2*s - 8. Let j(v) = -2*v + 5 + 0*v**2 + v**2 - 4. What is the units digit of j(d)?
4
Suppose p + p + 4*x = 6, -5*x = p. Suppose -10 = -3*g + p. What is the units digit of g?
5
Suppose 0 = m + 2*m + 12. Let i = 23 + m. Let a = 35 - i. What is the tens digit of a?
1
Let t(b) = 4*b**3. What is the units digit of t(3)?
8
Let r(b) = b**3 - 7*b**2 + b - 4. Suppose 2 - 27 = -5*h. Suppose 2*t - h*v + 11 = 0, -3*t - 5*v = -v - 41. What is the units digit of r(t)?
3
Let m(l) = -2*l + 22. Let z be m(17). What is the units digit of ((-33)/z)/((-5)/(-80))?
4
Suppose 10*i = 4*i + 540. What is the units digit of i?
0
Suppose -4*s + 12*s - 904 = 0. What is the tens digit of s?
1
Let w(b) = b + 1. Let q(s) = -3*s - 4*s + s + 3*s**3 - 5 + 0 + s**2. Let f(v) = -q(v) - 4*w(v). What is the units digit of f(-2)?
7
What is the hundreds digit of ((-166)/6)/(5/(-30))?
1
Suppose -3*d - d = -8. What is the tens digit of (32/(-12))/(d/(-12))?
1
Let s be -3 - -8 - (1 - 0). Let n(k) = 2*k**3 - 3*k + k**2 + 1 + 4*k**2 - 3*k**3. What is the units digit of n(s)?
5
Let y(r) = r**2 - 2*r + 1. Let a be y(1). Let n = 15 - a. What is the tens digit of n?
1
Suppose -c + 3*c = 10. What is the tens digit of ((-2)/c - 2)*-5?
1
Let j(p) = -p**2 - 6*p - 5. Let o be j(-4). Suppose 3 = -f - 2, -n - o*f = 11. Let b = 5 - n. What is the units digit of b?
1
Let h be (-42)/(-12)*4/(-2). Let o(y) = -3 + 5 + y**2 + 8 + 9*y - y. What is the units digit of o(h)?
3
Let j be (-92)/(-28) + (-4)/14. Suppose 4*v - j*c = -2*c + 19, -4*v = -2*c - 22. Suppose -o = o - 2*h - 24, o - 21 = v*h. What is the units digit of o?
9
Let h = 5 - 2. Suppose h*j - j - 2*o = 56, 3*j = o + 80. Suppose 2 = -3*b + j. What is the units digit of b?
8
Suppose 4*n + 2 = -3*m - 17, 4*m - n = -19. Let a = m + 6. What is the units digit of a?
1
Let o(t) = 2 + 1 - 18*t + 19*t. Suppose -d + 2 = 4. What is the units digit of o(d)?
1
Suppose -5*h + 97 = -4*z, z = -z - 5*h - 41. What is the tens digit of z/(-3 + 4 - 2)?
2
Suppose 3*n + 3 + 1 = 5*r, 6 = 3*r. Let s be (-2)/(-8) + n/(-8). What is the units digit of s + 4*2 + -2?
6
Let b(v) = 2*v**2 - 2*v + 8. What is the units digit of b(-6)?
2
Suppose 0 = t + 4*t + 3*w + 71, 4*w - 92 = 5*t. Let j = -11 - t. What is the units digit of j?
5
What is the units digit of -1 + (4433/66 - (-2)/(-12))?
6
Let u = 10 + -10. What is the tens digit of (1*70)/(2 + u)?
3
What is the units digit of 18/(-12) - 5/(-2) - -56?
7
What is the tens digit of 264/9*((-252)/8)/(-7)?
3
Let a(n) = -n**3 - 6*n**2 + 5*n + 17. Let b be a(-7). Let g = -18 - -2. Let o = b + g. What is the units digit of o?
5
Let l(v) = 4*v**2 - 10*v - 1. What is the units digit of l(6)?
3
Suppose 2*l - l - 6 = 0. What is the units digit of l?
6
Let c = -13 - -69. What is the tens digit of c?
5
Suppose 0*q - 2*o - 170 = -q, -512 = -3*q + 4*o. What is the hundreds digit of q?
1
Let q(k) = k**2 + 14*k + 33. What is the units digit of q(-17)?
4
Suppose 0 = -4*o - 8 + 64. Let f be ((-320 + 11)*2/6)/1. What is the units digit of f/(-7) - (-4)/o?
5
Let g be (-3)/(-5)*(2 + -7). Let c = g - -21. What is the tens digit of c?
1
Suppose -4*t + 7 = 3*p, 2*p + 3*p - 5*t - 70 = 0. Let k = p + -16. Let n = 8 + k. What is the units digit of n?
1
Let i(m) = 2*m**2 + 1. Let v be i(1). Suppose -2*a - 30 = 4*s, -3*a = a + v*s + 35. What is the units digit of a/25 - 22/(-10)?
2
Let f = -22 + 37. What is the units digit of f?
5
What is the units digit of 18/7*182/39?
2
Let p(k) = 4*k**2 - 2*k + k**3 + 2*k**2 + 5 + 7*k. Let c be p(-5). Suppose q + 16 = c*q. What is the units digit of q?
4
Suppose -5*j + 0*j = 0. Suppose 3*f = -b - 12 + 36, j = -3*b - 3*f + 42. What is the units digit of b?
9
Let p(v) = 4*v**2 - v + 1. Let y be p(1). Suppose 0 = x - 7 - y. What is the tens digit of 3 + x + -2*1?
1
Let x(j) = j**2 + 13*j + 30. Let q be x(-12). Let k = 52 - q. What is the tens digit of k?
3
Let g be (3 - 0/(-3)) + -3. Let q = g + 7. What is the units digit of q?
7
Suppose -19*b + 237 = -16*b. What is the units digit of b?
9
Let n(r) = -4*r + 2. Suppose u = -2*u - 6. What is the units digit of n(u)?
0
Let p = 256 + 1. What is the hundreds digit of p?
2
Let t(o) = o**3 + 6*o**2 + 6*o + 1. Let c be t(-5). What is the units digit of 1*5*(-4)/c?
5
Suppose u = 12 + 5. What is the tens digit of u?
1
Let p = -101 + 145. What is the tens digit of p?
4
Suppose 3*r - 113 = 88. What is the tens digit of r?
6
What is the tens digit of 527/7 - (-8)/(-28)?
7
Suppose 3*n + a = 3, 2*n - 4*a + 3 = -3*a. Suppose n = 4*g - 9*g + 20. What is the units digit of g?
4
Let h = 4 - -1. Suppose 2*o + 3 = -c + h, 5*o + 10 = 5*c. Suppose z = 3*r - 6, 2*z + 4 + o = -2*r. What is the units digit of r?
1
Let s(c) = -c**2 + 10*c - 9. Suppose 8*y - 2*d = 4*y - 26, 3*y - 2*d = -22. Let g(w) = w**3 + 4*w**2 - 3*w - 4. Let p be g(y). What is the units digit of s(p)?
7
Let f(s) = s**3 + 13*s**2 + 10*s - 26. What is the hundreds digit of f(-11)?
1
Let u be 2/3*3 - 0. Suppose -2*c = -10, u*y + 4*c = -0*y + 24. What is the units digit of y?
2
Suppose -4*w + 164 = 2*c - 7*w, 0 = -5*c + 3*w + 392. What is the units digit of c?
6
Let o = -19 + 21. Suppose 3 - 29 = -o*t. What is the tens digit of t?
1
Let i be (-2)/(-5) + 52/20. Suppose 0*s + 27 = i*s. Let x(y) = y**2 - 9*y + 2. What is the units digit of x(s)?
2
Let l(t) = 2*t**3 - 2*t**2 - 5*t + 10. What is the units digit of l(5)?
5
Let m be (-1)/(1/3) + 1. Let v = m - -4. What is the units digit of v?
2
Let d(w) = -2*w**3 - 4*w**2 - 1. Let q be d(-3). Suppose 112 - q = 5*b. What is the tens digit of b?
1
Suppose 6*m - 99 = 69. What is the units digit of m?
8
Let v(l) = -5*l + 3. Let c be v(3). Let n = -9 - c. What is the units digit of n?
3
Let z = 27 + -2. What is the tens digit of z?
2
Suppose h - 54 = -k, 0*h - 4*k = -5*h + 234. What is the tens digit of h?
5
Let i = 0 + 0. Let j(r) = r**3 + r**2 + r + 6. What is the units digit of j(i)?
6
What is the tens digit of 4 + 160 + 16/(4 + -8)?
6
Suppose 9*u + 35 = 3*n + 4*u, -n + u + 9 = 0. Let i = n - 4. Let y(d) = 2*d**3 + d**2 - 2*d + 1. What is the units digit of y(i)?
2
Suppose -5*d = 12 + 43. Let a be d/(-2) + 9/(-6). What is the tens digit of 222/11 - a/22?
2
What is the units digit of ((-45)/5)/(3/(-2))?
6
Let w(o) = -7*o - 17. What is the units digit of w(-11)?
0
Let p = 44 - 11. What is the tens digit of p?
3
Suppose 2*n - 3*n = -27. What is the tens digit of n?
2
Suppose 5*c = -3*k + 97, 5*c - 13 - 12 = 0. What is the units digit of k?
4
Let d = -8 - -11. Suppose -2*o = -d - 1. Suppose -o*b + 27 = 9. What is the units digit of b?
9
Let s(x) = 7*x + 2*x**3 + 4*x**3 - 4*x**3 - 7*x**2 - x**3. Let v(k) = 7*k**2 + k. Let b be v(-1). What is the units digit of s(b)?
6
Suppose -1155 = -14*t + 2107. What is the units digit of t?
3
Let a(p) be the third derivative of p**6/120 + p**5/12 - p**4/12 - p**3 - 2*p**2. Let m = 4 - 8. What is the tens digit of a(m)?
1
Let y(g) = -10*g**2 + g + 1. Let i be y(-1). What is the units digit of (-635)/(-25) + 4/i?
5
Let d(z) = -4*z - 5. What is the units digit of d(-2)?
3
Suppose -48*b + 43*b = -680. What is the hundreds digit of b?
1
Let u = 12 + -18. Suppose -2*l + 33 = -5*m, m = 5*m + 4*l + 4. Let t = m - u. What is the units digit of t?
1
Let b = 82 - 24. What is the tens digit of b?
5
Let a(s) = 2*s**2 - 6*s + 6. Let m be a(5). Suppose 3*p + 110 = m. What is the units digit of (2 - 4)*p/8?
7
Suppose -3*q = -2 - 4. Let t(j) = -q*j**3 + 4*j**2 - 3*j**2 - j**3. What is the units digit of t(-1)?
4
Let z = 38 + -20. What is the units digit of z?
8
Let s be 5/(1*(-1 - -2)). Let m(z) = -3 - 3 + 3*z - z**2 + s*z. What is the units digit of m(6)?
6
Suppose 4*f = -0*f + 12. Let b = 48 + -15. Suppose 3*y - b = -f*j - 6, -5*j = -3*y + 3. What is the units digit of y?
6
Suppose 0 = 7*m - 16*m + 3654. What is the hundreds digit of m?
4
Suppose -5*u - 5*r = -4*u - 110, 3*u = -r + 302. Suppose -2*n - 6*c + 4*c = -36, -5*n + 5*c + u = 0. What is the tens digit of n?
1
Suppose -30 = -w + 5*h, -4*h - 4 = 3*w + 1. Suppose -3*r = w*m - 17 + 4, -4*r = 4*m - 12. What 